{"id":1868,"date":"2024-06-17T02:54:07","date_gmt":"2024-06-17T02:54:07","guid":{"rendered":"https:\/\/autoescolajb.com.br\/2024\/?page_id=1868"},"modified":"2024-06-17T02:56:20","modified_gmt":"2024-06-17T02:56:20","slug":"habilitacao-internacional","status":"publish","type":"page","link":"https:\/\/autoescolajb.com.br\/2024\/habilitacao-internacional\/","title":{"rendered":"Habilita\u00e7\u00e3o Internacional"},"content":{"rendered":"<p>[vc_row][vc_column][vc_column_text]Para dirigir fora do Brasil, voc\u00ea precisa de uma carteira de habilita\u00e7\u00e3o v\u00e1lida no pa\u00eds de destino. Esse documento \u00e9 chamado de \u00a0PID \u2013\u00a0<em>Permiss\u00e3o Internacional Para Dirigir<\/em>.<\/p>\n<p>&nbsp;<\/p>\n<p><strong>Lugares que aceitam a Permiss\u00e3o Internacional para Dirigir (PID)<\/strong>:<br \/>\n\u00c1frica do Sul, Alb\u00e2nia, Alemanha, Anguila (Gr\u00e3 Bretanha), Angola, Arg\u00e9lia, Argentina, Arquip\u00e9lago de San Andres Provid\u00eancia e Santa Catalina (Col\u00f4mbia), Austr\u00e1lia, \u00c1ustria, Azerbaidj\u00e3o, Bahamas, Barein, Bielo-R\u00fassia, B\u00e9lgica, Bermudas, Bol\u00edvia, B\u00f3snia-Herzeg\u00f3vina, Bulg\u00e1ria, Cabo Verde, Canad\u00e1, Cazaquist\u00e3o, Ceuta e Melilla (Espanha), Chile, Cingapura, Col\u00f4mbia, Congo, Cor\u00e9ia do Sul, Costa do Marfim, Costa Rica, Cro\u00e1cia, Cuba, Dinamarca, El Salvador, Equador, Eslov\u00e1quia, Eslov\u00eania, Espanha, Estados Unidos, Est\u00f4nia, Federa\u00e7\u00e3o Russa, Filipinas, Finl\u00e2ndia, Fran\u00e7a, Gab\u00e3o, Gana, Ge\u00f3rgia, Gilbratar (Col\u00f4nia da Gr\u00e3 Bretanha), Gr\u00e9cia, Groel\u00e2ndia (Dinamarca), Guadalupe (Fran\u00e7a), Guatemala, Guiana, Guiana Francesa (Fran\u00e7a), Guin\u00e9-Bissau, Haiti, Holanda, Honduras, Hungria, Ilha da Gr\u00e3-Bretanha (Pitcairn, Cayman, Malvinas e Virgens), Ilhas da Austr\u00e1lia (Cocos, Cook e Norfolk), Ilhas da Finl\u00e2ndia (Aland), Ilhas da Coroa Brit\u00e2nica (Canal), Ilhas da Col\u00f4mbia (Ge\u00f3rgia e Sandwich do Sul), Ilhas da Fran\u00e7a (Wallis e Futuna), Indon\u00e9sia, Ir\u00e3, Iri\u00e3 Ocidental, Israel, It\u00e1lia, Kuweit, Let\u00f4nia, L\u00edbia, Litu\u00e2nia, Luxemburgo, Maced\u00f4nia, Martinica (Fran\u00e7a), Marrocos, Mayotte (Fran\u00e7a), M\u00e9xico, Mold\u00e1via, M\u00f4naco, Mong\u00f3lia, Montserrat (Gr\u00e3 Bretanha), Nam\u00edbia, Nicar\u00e1gua, N\u00edger, Niue (Nova Zel\u00e2ndia) Noruega, Nova Caled\u00f4nia (Fran\u00e7a), Nova Zel\u00e2ndia, Nueva Esparta (Venezuela), Panam\u00e1, Paquist\u00e3o, Paraguai, Peru, Polin\u00e9sia Francesa (Fran\u00e7a), Pol\u00f4nia, Porto Rico, Portugal, Reino Unido (Esc\u00f3cia, Inglaterra, Irlanda do Norte e Pa\u00eds de Gales), Rep\u00fablica Centro Africana, Rep\u00fablica Checa, Rep\u00fablica Dominicana, Republica Eslovaca, Reuni\u00e3o (Fran\u00e7a), Rom\u00eania, Saara Ocidental, Saint-Pierre e Miquelon (Fran\u00e7a), San Marino, Santa Helena (Gr\u00e3 Bretanha), S\u00e3o Tom\u00e9 e Pr\u00edncipe, Seichelles, Senegal, S\u00e9rvia, Su\u00e9cia, Su\u00ed\u00e7a, Svalbard (Noruega), Tadjiquist\u00e3o, Terras Austrais e Ant\u00e1rtica (Col\u00f4nia Brit\u00e2nica), Territ\u00f3rio Brit\u00e2nico no Oceano \u00cdndico (Col\u00f4nia Brit\u00e2nica), Timor, Toquelau (Nova Zel\u00e2ndia), Tun\u00edsia, Turcas e Caicos (Col\u00f4nia Brit\u00e2nica), Turcomenist\u00e3o, Ucr\u00e2nia, Uruguai, Uzbequist\u00e3o, Venezuela e Zimb\u00e1bue.<\/p>\n<p>&nbsp;<\/p>\n<p><strong>Documentos necess\u00e1rios<\/strong>\u00a0:<br \/>\n1 foto 3X4 recente, com fundo branco.<br \/>\nRG e CPF.<br \/>\nCNH dentro da data de validade.<br \/>\nComprovante de resid\u00eancia no pr\u00f3prio nome com data dos \u00faltimos 3 meses. Por exemplo: Conta de \u00c1gua, Luz, Telefone Fixo, Documento de Banco, ou uma declara\u00e7\u00e3o.[\/vc_column_text][\/vc_column][\/vc_row][vc_row][vc_column][vc_single_image][\/vc_column][\/vc_row]<\/p>\n","protected":false},"excerpt":{"rendered":"<p>[vc_row][vc_column][vc_column_text]Para dirigir fora do Brasil, voc\u00ea precisa de uma carteira de habilita\u00e7\u00e3o v\u00e1lida no pa\u00eds de destino. Esse documento \u00e9 chamado de \u00a0PID \u2013\u00a0Permiss\u00e3o Internacional Para Dirigir. &nbsp; Lugares que aceitam a Permiss\u00e3o Internacional para Dirigir (PID): \u00c1frica do Sul, Alb\u00e2nia, Alemanha, Anguila (Gr\u00e3 Bretanha), Angola, Arg\u00e9lia, Argentina, Arquip\u00e9lago de San Andres Provid\u00eancia e Santa [&hellip;]<\/p>\n","protected":false},"author":2,"featured_media":0,"parent":0,"menu_order":0,"comment_status":"closed","ping_status":"closed","template":"","meta":{"footnotes":""},"class_list":["post-1868","page","type-page","status-publish","hentry"],"_links":{"self":[{"href":"https:\/\/autoescolajb.com.br\/2024\/wp-json\/wp\/v2\/pages\/1868","targetHints":{"allow":["GET"]}}],"collection":[{"href":"https:\/\/autoescolajb.com.br\/2024\/wp-json\/wp\/v2\/pages"}],"about":[{"href":"https:\/\/autoescolajb.com.br\/2024\/wp-json\/wp\/v2\/types\/page"}],"author":[{"embeddable":true,"href":"https:\/\/autoescolajb.com.br\/2024\/wp-json\/wp\/v2\/users\/2"}],"replies":[{"embeddable":true,"href":"https:\/\/autoescolajb.com.br\/2024\/wp-json\/wp\/v2\/comments?post=1868"}],"version-history":[{"count":2,"href":"https:\/\/autoescolajb.com.br\/2024\/wp-json\/wp\/v2\/pages\/1868\/revisions"}],"predecessor-version":[{"id":1870,"href":"https:\/\/autoescolajb.com.br\/2024\/wp-json\/wp\/v2\/pages\/1868\/revisions\/1870"}],"wp:attachment":[{"href":"https:\/\/autoescolajb.com.br\/2024\/wp-json\/wp\/v2\/media?parent=1868"}],"curies":[{"name":"wp","href":"https:\/\/api.w.org\/{rel}","templated":true}]}}